e tens digit of z?
1
Let y(w) be the first derivative of -w**4/2 + 4*w**3/3 + w**2/2 + 2*w + 151. Let l be 10/15*(-18)/4. What is the tens digit of y(l)?
8
Suppose 79*a - 81*a = 2*f - 16336, 3 = 3*a. What is the hundreds digit of f?
1
Let b = -93944 - -136049. What is the ten thousands digit of b?
4
Let j be 0*5*2/10. Suppose -2*u + 4*m - 176 = -4*u, j = u + m - 85. Let h = 392 - u. What is the hundreds digit of h?
3
Let m(k) = -81*k - 14. Let z(c) = c - 3. Let u(l) = m(l) + 4*z(l). What is the hundreds digit of u(-4)?
2
Let j = -94 + 21. Let y = j - -81. Suppose 4*b = -y, 0 = -n + 2*b - 37 + 116. What is the tens digit of n?
7
Suppose -13*m + 25*m - 23517 = 21051. What is the units digit of m?
4
Suppose 0 = 71*o - 151522 - 966089. What is the tens digit of o?
4
Suppose 3*g = g + 28. Suppose g*w = w. Suppose -2*c + 7*c - 305 = w. What is the units digit of c?
1
Suppose 5*g + 117 - 1087 = -5*a, a = -2*g + 392. Let b = -87 + 124. Suppose 5*t + b - 90 = -j, 2*t - g = -3*j. What is the units digit of j?
8
Let h(i) = i**2 - 2*i + 94. Let c(k) = k**3 + 6*k**2 + k + 6. Let v(b) = b - 17. Let g be v(11). Let u be c(g). What is the tens digit of h(u)?
9
Let z be 2 - (0 - (0 - -24)). Let t = -23 + z. Let s(p) = 2*p**3 - 2*p**2 - 5*p + 2. What is the units digit of s(t)?
3
Let t(q) be the first derivative of q**5/10 - 35*q**4/24 + 2*q**3/3 + 33. Let h(l) be the third derivative of t(l). What is the units digit of h(6)?
7
Let a be (-11 - -5) + 5/(-1) + 2. Let d = a - -16. Let m(u) = -u**3 + 6*u**2 + 14*u - 6. What is the tens digit of m(d)?
4
What is the units digit of (223/4)/(2/118) + 588/784?
0
Let f(a) = -12*a**3 + 17*a**3 - a**3 + 2*a**2 + 12 + a. What is the units digit of f(4)?
4
Suppose 2*k + 2*k + 22 = 2*n, -5*n = -5. Let m(g) = -g - 2. Let w be m(k). Suppose -263 = w*r - 710. What is the units digit of r?
9
Suppose -4*a = 11 - 31, -d + 19 = 3*a. Suppose d*j - 5*m + 56 = -2237, -10 = -2*m. What is the tens digit of j/(-12) - 21/(-28)?
4
Suppose -11*a + 4998 + 546 = 0. Let b = a + -308. What is the tens digit of b?
9
Let h be 34/153 - 20/9. What is the tens digit of h - (3*-258 - -3)?
6
Suppose 9 = 9*q - 9. Suppose j + 1043 = 3*m, q*j - 347 = -m + 3*j. What is the tens digit of m?
4
Let y be ((-72)/(-20))/((-14)/(-105)). Let i(z) = -z**3 + 31*z**2 - 82*z + 45. What is the hundreds digit of i(y)?
7
Suppose 0 = -m + a + 5, 3*a + 12 = -a. Let r be (3 - 3)*(-1)/m. What is the tens digit of 129*1 - (r/(-1))/7?
2
Let t = 14 - -52. Let y = 130 + t. What is the tens digit of y?
9
Let v = -111 + -12. Let k(s) = 215*s - 12. Let o be k(1). Let j = o + v. What is the tens digit of j?
8
Suppose 4*c - 59552 = -2*a, 7*c - 2*a + 4735 = 108929. What is the tens digit of c?
8
Let k = 117 + -115. What is the units digit of 4 - (-83)/(k/(4 + 4))?
6
Let s = 358 - 521. Let h = s + 281. What is the hundreds digit of h?
1
Suppose 4*q - 250 = 462. Let m be 1 - 4/16 - (-449)/4. Let w = q - m. What is the tens digit of w?
6
Suppose -33*q + 442748 + 1048456 = 0. What is the tens digit of q?
8
Suppose 3*z + 2*z = 3*o + 590, -3*z = 2*o - 373. Let n = -10 - z. What is the units digit of (n - (2 - 3))*3/(-6)?
5
What is the tens digit of ((-6)/(-18))/(1/3597)?
9
Let h(u) = 2*u**2 - 29*u + 133. What is the tens digit of h(67)?
6
Suppose -4*q = -0*g + g - 59088, 3*q + 4*g = 44316. Suppose -4*x + q = 5*o, 3*o - 3*x - 8847 = -0*o. What is the units digit of (-5)/(-35) - o/(-14)?
1
Let h(l) = 7*l - 141. Let b be h(19). Let n(g) = -162*g - 205. What is the hundreds digit of n(b)?
0
Let f = 1399 - -24574. What is the hundreds digit of f?
9
Let h = 1027 - -3049. What is the units digit of h?
6
Let j = -72466 - -109879. What is the units digit of j?
3
Let s = -148 + 151. Suppose 2*o - s*o = -3*l - 58, -204 = -3*o + 3*l. What is the tens digit of o?
7
Suppose 2*m - 1026 = -n, 0*n = -n - m + 1021. Suppose -31*w + n = -23*w. What is the hundreds digit of w?
1
Suppose p + 112 = 117. Suppose 390 = -p*g + 3525. What is the units digit of g?
7
Let s = 41753 + 7457. What is the hundreds digit of s?
2
Let a be 9/3 - 24/(6/(-3)). Suppose -a = -3*o - 0*o + g, 3*o = -4*g. Suppose 0*n + 4*i + 128 = 3*n, 164 = 4*n - o*i. What is the tens digit of n?
3
Let y = 1674 - -2814. What is the hundreds digit of y?
4
Let l be (4/6)/(98/(-4521867)). What is the units digit of 8/(-10) + l/(-95)?
3
Let o(d) = 147*d + 145. Let u be o(-2). Suppose -3*c = 2*c - 1040. Let n = u + c. What is the units digit of n?
9
Suppose -53750 + 15026 = -21*w. Suppose -g + 46*c + w = 49*c, 0 = -4*c + 8. What is the tens digit of g?
3
Suppose 0 = 6*g + 136 - 184. Suppose g*u - 3*u - 2636 = d, -d = -4. What is the hundreds digit of u?
5
Suppose 3*z + 10 = 4*z. Let w be (632/z)/((-11)/(-55)). Suppose -10*f + w + 144 = 0. What is the units digit of f?
6
What is the ten thousands digit of 1/2 - 1791762/(-148)?
1
Let r = -7579 - -8430. What is the tens digit of r?
5
Suppose -2*s - 12 = -x, 2*x - 3 = -0*s + s. Let w be 6/(-21) + (-1178)/s. Let u = -114 + w. What is the tens digit of u?
5
Let h(s) be the third derivative of -s**5/60 + 10*s**3/3 - 7*s**2. Let j be h(0). What is the tens digit of 512/j - (-2)/5?
2
Let t be 556/(-6)*(-81 + 78). Let y = 746 - t. What is the hundreds digit of y?
4
Suppose 4*j - 5*q + 10 = -8, 0 = -2*j + q - 6. Let g be j/(-5) + 242/(-55). What is the units digit of (-37 + g)*-2 + 3?
5
Let n = 2900 + 19132. What is the hundreds digit of n?
0
Let b be (174/(-145))/((-1)/(-200)). What is the tens digit of -1*(-1122)/16 - (-30)/b?
7
Let y = 20806 - 10096. What is the tens digit of y?
1
Let q(u) = -u**2 - 6 + 18*u - 4*u - 4 + 23. Suppose 5*c = -4*k + 75, 4*c - 19 = -3*k + 40. What is the units digit of q(c)?
6
Let z = 41335 + -12895. What is the ten thousands digit of z?
2
Let m(f) = -10*f**2 + 23*f + 7 - 1 - 11*f**2 + 23*f**2 + 25*f. Suppose 3*v + 4*r + 91 = 0, -v + 2*r - 17 = -0*v. What is the tens digit of m(v)?
5
Suppose 19*v + 26*v - 495999 = -109314. What is the tens digit of v?
9
Let f(l) = 2*l**2 - 8*l + 13. Suppose 5*h + 9 = -1. Let z be (6 + h - 3) + 5. What is the tens digit of f(z)?
3
Let l(z) = -38*z**2 - 23*z - 9. Let m(c) = 75*c**2 + 43*c + 16. Let x(r) = -5*l(r) - 2*m(r). What is the tens digit of x(-5)?
6
Let f be (16 - 4)*-3*1/(-6). Suppose -21*c = f*c - 8046. What is the units digit of c?
8
Let g(v) = -2936*v - 136. What is the hundreds digit of g(-2)?
7
Let s(v) = -2*v**3 - 3*v**2 - 11*v - 21. Let y be s(-4). Suppose -y = -3*h + 326. What is the tens digit of h?
4
Suppose -4299 = -2*p + 20987 - 3182. What is the hundreds digit of p?
0
Suppose -14703 = -3*j - 2*x, 8*j - 3*j + 2*x = 24501. What is the tens digit of j?
9
Let m(v) = -7*v + 31. Let w be m(4). Suppose h - 10 = 4*s + 15, w*h = -s + 10. What is the units digit of h?
5
Suppose -3*b - 4*m - 1181 = 0, -10*m + 396 = -b - 9*m. Let q = b + 861. What is the units digit of q?
6
Let n be ((15/(-10))/(-1) - 1)*0. Suppose n = 28*j - 33*j + 885. What is the units digit of j?
7
Suppose 9*g - 6*g = 150. Suppose -g = u - 142. Suppose 0 = 2*x - 5*z - 157, 0*x - 2*z = x - u. What is the units digit of x?
6
Let c = 62 - 61. Let i be 566 + (-9 - -5)/(c - -1). Suppose x = 5*r - i, 5*x = -3*r - 23 + 339. What is the tens digit of r?
1
Let g(u) = -2912*u - 967. What is the thousands digit of g(-5)?
3
Suppose -3*t - 3*c + 575 = 11, -4*c = -4*t + 744. Suppose 0*s = -2*s - 2*b + 382, s - t = -3*b. What is the tens digit of s?
9
Suppose 4*s = -3*v - 65 - 35, 3*s + 102 = -3*v. Let b be (-12)/(-2) + v/9. Suppose b*f + 3*f = 325. What is the units digit of f?
5
Let h(u) = -107*u + 25. Let d(o) = -54*o + 13. Let p(t) = -7*d(t) + 3*h(t). What is the tens digit of p(4)?
1
Let s(h) = h**3 + 47*h**2 - 43*h + 1057. What is the units digit of s(-35)?
2
Let l(b) = 2*b**2 + 33*b + 49. Let x be l(-36). Let r = x + -991. What is the units digit of r?
2
Suppose -53894 + 319298 + 132337 = 41*h. What is the units digit of h?
1
Suppose 4*r - 3*r - 248 = 0. Suppose 935 - 119 + 496 = 164*q. Suppose q*x - 16 - r = 0. What is the units digit of x?
3
What is the hundreds digit of (134/(-6))/(((-2)/(-4))/((-45609)/46))?
2
Suppose 21 - 81 = -3*m. Suppose d + 3*d = 4*j - m, -3*j = -d - 7. Suppose 0 = 5*b - o - 558, -b + 4*o + j = -122. What is the tens digit of b?
1
Suppose -773*f + 11